
Let c(q) = q**3 + 14*q**2 + 6*q - 1. Let d(n) = -n**3 - 11*n**2 - 4*n + 1. Let r(m) = 4*c(m) + 5*d(m). Give r(-2).
5
Let s(o) = -4*o**2 - 2*o**2 - 137920*o**3 + 137921*o**3 + 40 - 20*o. What is s(8)?
8
Let j(m) = -m**3 - m**2 + 3*m + 2. Let k = -678 - -400. Let b = k - -281. Calculate j(b).
-25
Suppose -21*f = -28462 + 28567. Let x(w) = 2*w**2 + 21*w + 43. Determine x(f).
-12
Suppose 3*x + 3156 = -3*x. Let t = x - -529. Let s(j) = j**3 - 3*j + 4. What is s(t)?
22
Let r = -249 - -253. Let o be (-38)/8 + (-1)/r - -2. Let z(w) = -w**3 - 3*w**2 + w - 3. Calculate z(o).
-6
Let g(r) = -r**3 - 4*r**2 - 4*r + 1. Let a = 42 - 6. Let k = -25 + a. Suppose k = 2*o - 5*o - w, -5*w = 10. Give g(o).
4
Let a(j) be the third derivative of -j**6/120 - 3*j**5/20 - 5*j**4/24 + 7*j**3/3 + 452*j**2. Give a(-7).
-49
Let y(o) = -10*o + 2 + 4*o + 10*o - 15*o + 9*o. Let z(u) = u**3 - 8*u**2 - 9*u + 6. Suppose 27 = 5*r - 2*r. Let q be z(r). What is y(q)?
-10
Let w(t) = -t**2 + 9*t - 9. Let n be (-725)/(-30) - (-6)/(-36). Let v be (n/(-14))/(-2 + 24/14). Give w(v).
9
Let l(r) = 2*r**3 + 3*r**2 - r - 2. Let d be l(-2). Let h(v) be the second derivative of -v**3/2 - 3*v**2 - 2169*v. Give h(d).
6
Suppose -12 = 5*s - 2*s. Let b(a) = 547*a - 1094*a + 0 + 4 - 2 + 554*a. Give b(s).
-26
Let q be ((-1 - -1) + 0)/2. Let d(a) be the first derivative of -198 - 1/3*a**3 + 1/4*a**4 + 0*a**2 + a. What is d(q)?
1
Let k(l) = -12*l + 455. Let o be k(38). Let p(b) = 12*b + 1. Calculate p(o).
-11
Let g(b) be the second derivative of -b**3/3 - 8*b**2 + 3*b + 56. Calculate g(-7).
-2
Let p(v) = -v**2 + 17*v - 9. Let y(j) = -11*j + 1 - 46*j**2 - 50 + 5 + 84*j**2 - 37*j**2. Let z be y(15). Calculate p(z).
7
Let z(i) be the second derivative of i**5/30 + i**3/6 + 9*i**2 - 14*i - 4. Let x(y) be the second derivative of z(y). Let t be (-5)/2 + 2/(-4). Give x(t).
-12
Let g(d) = d**3 + 16*d**2 - 5*d - 37. Let k(j) = 2*j**2 - 2*j - 236. Let m be k(11). What is g(m)?
43
Let n(r) = -18*r**2 + 128*r - 99. Let q(i) = -10*i**2 + 73*i - 56. Let j(z) = -9*n(z) + 16*q(z). Give j(-8).
-5
Let t(j) = -2*j + 25. Let b be t(12). Let s be (0/(-10))/((-2)/b). Suppose s = -y - 10 + 6. Let d(v) = v + 7. Give d(y).
3
Let y(a) = -a. Let b(r) = 3*r - 2. Let n(i) = 2*b(i) + 10*y(i). Let w = 10585 - 10590. Give n(w).
16
Let w(u) = -5763*u - 5783*u + 11545*u. Let o(f) = f**2 - 6*f. Let d be o(5). Let h(k) = -k**2 + 3*k - 1. Let v(a) = d*w(a) - h(a). Calculate v(-4).
9
Let m(d) = 4*d - 2. Let t(l) = -12*l + 7. Let r(f) = -11*m(f) - 4*t(f). Let x(n) = -124 + 64 - 5*n + 65. Let k(u) = 4*r(u) + 3*x(u). Calculate k(7).
-2
Let y(d) = -7*d - 241. Let b be y(-43). Let o(j) = 59*j**3 + 9*j - b*j**3 - 12*j**2 + 22 + 13*j**2 + 16*j**2 + 8*j. Determine o(18).
4
Let p(j) be the first derivative of -j**3/3 + 11*j**2/2 + 34*j - 64. Let f be p(13). Let z(b) = 9*b - 3*b**2 - 9 - 5*b**2 + 3*b**2 + 4*b**2. Give z(f).
-1
Let m be 4*1/(-7)*1 + (-795)/(-105). Suppose 8 = d - 23. Suppose 0 = 6*c - m + d. Let g(t) = -t**3 - 2*t**2 + 6*t + 3. Determine g(c).
11
Let o(v) = -4*v**2 + 2*v + 1. Let f(s) = -s**3 + 21*s**2 + 23*s - 23. Let r be 3/3 + -2 - 2*-15. Suppose 6*i + r - 161 = 0. Let q be f(i). Calculate o(q).
-5
Let i(y) = -y**3 + 3*y**2 + 4*y - 3. Let f(s) = 7 + 27 + 9 - 5 - 6*s. Let w be f(6). What is i(w)?
9
Suppose 0 = 6*a - 9*a + 39. Let g = -6 + a. Let d(h) = 6*h**2 - h**3 + g*h + h - 6*h - 9*h**2. Calculate d(-4).
8
Let d(p) = -p**2 + 30*p - 26. Let m(o) = -2*o**3 - 50*o**2 + 49*o - 49. Let g be m(-26). Determine d(g).
3
Let s(o) = 86*o**3 + 19*o**2 - 4*o - 9. Let w(i) = 54*i**3 + 12*i**2 - 3*i - 6. Let z(v) = 5*s(v) - 8*w(v). Determine z(3).
-48
Suppose 0 = 2*k - 4*k + 14. Let b(i) = -9 + 6 + 2734*i - 1368*i - 1368*i. Determine b(k).
-17
Let y(h) = 10*h - 13. Let d be 14 - 6 - (-8 - -14). Calculate y(d).
7
Let h(n) = -7*n + 11. Let p(k) = -k. Suppose 342*y - 36 = 348*y. Let d(s) = y*p(s) + h(s). Calculate d(14).
-3
Let u(s) = -16*s + 42*s - 30*s - 40. What is u(-10)?
0
Let o(x) be the first derivative of x**5/20 + 2*x**4/3 + x**2/2 + 298*x + 139. Let p(m) be the first derivative of o(m). What is p(-8)?
1
Suppose -26*i - 2*f = -24*i, 5*i = 5*f + 40. Let b = 1788 + -568. Let s(n) = -1218*n + b*n + n**2 + 1 - i. Determine s(-3).
0
Let s(y) = 4*y**2 + 0*y**2 + 4703 - 3*y**2 - 4717. Determine s(-5).
11
Let o(c) = -17*c - 1. Suppose 2*y - 3*r = 31, 7*y = 11*y - 2*r - 42. Let u(k) = 2*k**3 - 15*k**2 - 4*k - 31. Let i be u(y). Give o(i).
-18
Suppose -14*k + 112 - 438 + 172 = 0. Let q(p) = -3*p + 38. Determine q(k).
71
Let y(x) = 4*x - 49. Let c(h) = -9*h + 144. Let k(g) = -2*c(g) - 7*y(g). Give k(6).
-5
Let d(u) = 10*u**2 + 179*u + 83. Let i(a) = 44*a**2 + 717*a + 333. Let l(x) = 9*d(x) - 2*i(x). Calculate l(-88).
-7
Let w = -65 - -89. Let s(y) = -44*y + w*y + 18*y + 17*y. Give s(3).
45
Suppose m = 4*m - 6. Let c(t) = 208*t - 16 + 30 + t**2 - 6 - 211*t - 10. Give c(m).
-4
Let r(a) be the third derivative of a**5/60 - 7*a**4/24 + a**3/3 - a**2. Let u be -3 + (4 - 1) + 0. Suppose -17*s = -u*s - 51. Give r(s).
-10
Let x(k) be the second derivative of k**5/10 - k**4/12 - k**3/6 - 21*k + 23. What is x(-1)?
-2
Let a(t) = -24 - 11*t + 20 + 21 + 34. What is a(6)?
-15
Let v(c) be the first derivative of 8*c**2 + 4*c + 2865. Calculate v(-3).
-44
Let h(k) = -3*k**2 - 3*k**2 - 2 + 1 + k. Let f = -48 - -189. Let i = f - 140. Determine h(i).
-6
Suppose 3*p = i + 10, -39*p + 40*p + 4*i = 12. Let w(d) be the first derivative of -7/3*d**3 + 7*d + 5/2*d**2 + 1/4*d**p + 4. Calculate w(6).
1
Let p(d) be the second derivative of d**5/20 - d**4/3 + d**3/6 - d**2 + d. Suppose -3*y = -2*y - 147. Let h = y + -143. Calculate p(h).
2
Let x(t) = -t**3 + 25*t**2 + 28*t - 53. Let f = 7940 - 7914. Determine x(f).
-1
Let v(k) = 88*k + 86*k - 9 - 267*k + 7 + 94*k. Determine v(5).
3
Let k(d) = 157*d + 159. Let h be k(-1). Let m(c) = c**3 - 3*c**2 - 4*c + 9. Determine m(h).
-3
Let x(s) be the third derivative of s**4/24 + s**3/2 - s**2 + 1. Let k(h) = 2*h + 4 + 5 - 3 - 2. Let w(d) = 2*k(d) - 3*x(d). Calculate w(6).
5
Let r(j) = 6*j**2 - 54*j + 2. Let x(i) = 5*i**2 - 42*i + 2. Let s(v) = -4*r(v) + 5*x(v). Suppose 3*n = 6*n + 15. What is s(n)?
-3
Let v(g) = -20*g - 837. Let y be v(-44). Let f(c) = c**2 - 41*c - 74. Calculate f(y).
12
Let s(h) = -h**3 + 24*h**2 - 22*h + 20. Let t = -24977 - -25000. Give s(t).
43
Let v = -10 - -231. Suppose 225*p = v*p + 28. Let w(r) = 2*r**2 + 6*r + 3. Let n(q) = 3*q**2 + 6*q + 3. Let b(i) = 3*n(i) - 4*w(i). Determine b(p).
4
Suppose 5*q - 74 = 26. Suppose x + 3*x + q = 0. Let g(p) be the second derivative of -p**5/20 - 5*p**4/12 + p**3/6 + 3*p**2 + 6*p. Calculate g(x).
1
Let h = 13 + -6. Let l(n) be the first derivative of -n**4/4 + 7*n**3/3 - 7*n + 7810. What is l(h)?
-7
Let j(t) = -2*t**3 - 3 - 73*t**2 + 23*t**2 + 3*t**3 + 3*t + 14*t**2 + 31*t**2. Give j(3).
-12
Let p(o) = -8 - 40*o**2 + 39*o**2 - 41*o + 64*o - 33*o. Determine p(-4).
16
Let s(f) = 3*f - 95. Let b(u) = 5*u - 164. Let i(r) = -4*b(r) + 7*s(r). What is i(-3)?
-12
Let s(k) be the third derivative of k**5/60 + k**4/2 + 5*k**3/3 - 8583*k**2. Let i = -28 + 17. Determine s(i).
-1
Let c(g) = -11*g**2 + 15*g + 5. Let d = 27 - 40. Suppose -74*n + 489 = 45. Let v(x) = -5*x**2 + 7*x + 2. Let w(u) = d*v(u) + n*c(u). Give w(0).
4
Let g(v) be the second derivative of v**5/20 - v**4/4 - v**3/6 + 3*v**2 - 2*v - 291. Determine g(4).
18
Suppose 5*d = -9 - 11. Let t be (-6)/1 - d - -5. Let f(x) = -3*x - t*x - 1 + 0 - 38*x**2 + 39*x**2. What is f(5)?
-6
Let p(l) = -5*l + 10. Suppose 58*k = 83*k - 75. Calculate p(k).
-5
Let g = -10455 + 17555. Let a(w) = -5*w**2 + w**3 + w + g - 7098 - w. Calculate a(5).
2
Let t(j) = 2*j**3 + 2*j**2 - 1. Let y(d) = 5*d**3 + 26*d**2 - 77*d - 56. Let r(c) = -2*t(c) + y(c). What is r(-25)?
-4
Suppose 0*z + 86 = h + 4*z, -3*h + 226 = -4*z. Suppose 14*k + 62 = -h. Let u(r) = -r**2 - 13*r + 8. Give u(k).
38
Let m(g) = -11*g + 9. Let p = -17897 + 17904. Calculate m(p).
-68
Let f(m) = -2*m**2 - 6*m - 5. Let p = 154 + -156. Let g be (1 + 0)/p*(-984)/(-123). What is f(g)?
-13
Let b(x) be the third derivative of -x**5/60 + 17*x**4/24 + 17*x**3/3 + 2*x**2 + 18*x + 6. Determine b(17).
34
Suppose 0 = 29*x - 11 + 83 - 362. Let d(p) = -2*p + 16. Determine d(x).
-4
Let l = -18683